{"id":2,"date":"2023-03-06T10:06:00","date_gmt":"2023-03-06T10:06:00","guid":{"rendered":"https:\/\/lepakko.fi\/lepakot\/?page_id=2"},"modified":"2024-11-26T17:46:52","modified_gmt":"2024-11-26T17:46:52","slug":"sample-page","status":"publish","type":"page","link":"https:\/\/lepakko.fi\/lepakot\/","title":{"rendered":"Yhdistys"},"content":{"rendered":"\n<p>Lepakoita tavataan maailmassa reilusti yli 1200 lajia ja lepakot ovat jyrsij\u00f6iden j\u00e4lkeen maailman lajirikkain nis\u00e4k\u00e4slahko. Ne ovat ainoita aidosti lentokykyisi\u00e4 nis\u00e4kk\u00e4it\u00e4, jotka ovat aktiivisia p\u00e4\u00e4s\u00e4\u00e4nt\u00f6isesti y\u00f6aikaan. Lepakot ovat levitt\u00e4ytyneet kaikkialle maapallolle napa-alueita lukuun ottamatta ja ne ovat erikoistuneet mit\u00e4 moninaisimpiin ruokavalioihin. Kukapa ei olisi joskus kuullut tarinoita verta sy\u00f6vist\u00e4 vampyyrilepakoista.<\/p>\n\n\n\n<p>Suomessa on tavattu yhteens\u00e4 12 lepakkolajia, jotka kaikki ovat hy\u00f6nteissy\u00f6ji\u00e4. N\u00e4ist\u00e4 viitt\u00e4 tavataan yleisesti maamme etel\u00e4- ja keskiosissa, loput ovat harvinaisempia tai satunnaisvierailijoita.<\/p>\n\n\n\n<p>Suomen lepakkotieteellisen yhdistyksen tarkoituksena on edist\u00e4\u00e4 lepakkoharrastusta, -suojelua ja -tutkimusta Suomessa. J\u00e4seniksi ovat tervetulleita kaikki lepakoista kiinnostuneet. Yhdistys j\u00e4rjest\u00e4\u00e4 j\u00e4senilleen erilaisia lepakkoaiheisia retki\u00e4, tapahtumia ja koulutuksia eri puolilla maatamme.<\/p>\n","protected":false},"excerpt":{"rendered":"<p>Lepakoita tavataan maailmassa reilusti yli 1200 lajia ja lepakot ovat jyrsij\u00f6iden j\u00e4lkeen maailman lajirikkain nis\u00e4k\u00e4slahko. Ne ovat ainoita aidosti lentokykyisi\u00e4 nis\u00e4kk\u00e4it\u00e4, jotka ovat aktiivisia p\u00e4\u00e4s\u00e4\u00e4nt\u00f6isesti y\u00f6aikaan. Lepakot ovat levitt\u00e4ytyneet kaikkialle maapallolle napa-alueita lukuun ottamatta ja ne ovat erikoistuneet mit\u00e4 moninaisimpiin ruokavalioihin. Kukapa ei olisi joskus kuullut tarinoita verta sy\u00f6vist\u00e4 vampyyrilepakoista. Suomessa on tavattu yhteens\u00e4 12 lepakkolajia, jotka kaikki ovat hy\u00f6nteissy\u00f6ji\u00e4. N\u00e4ist\u00e4 viitt\u00e4 tavataan yleisesti maamme etel\u00e4- ja keskiosissa, loput ovat harvinaisempia tai satunnaisvierailijoita. Suomen lepakkotieteellisen yhdistyksen tarkoituksena on edist\u00e4\u00e4 lepakkoharrastusta, -suojelua ja -tutkimusta Suomessa. J\u00e4seniksi ovat tervetulleita kaikki lepakoista kiinnostuneet. Yhdistys j\u00e4rjest\u00e4\u00e4 j\u00e4senilleen erilaisia lepakkoaiheisia retki\u00e4, tapahtumia ja koulutuksia eri puolilla maatamme.<\/p>\n","protected":false},"author":1,"featured_media":0,"parent":0,"menu_order":0,"comment_status":"closed","ping_status":"open","template":"","meta":{"footnotes":""},"class_list":["post-2","page","type-page","status-publish","hentry"],"_links":{"self":[{"href":"https:\/\/lepakko.fi\/lepakot\/index.php\/wp-json\/wp\/v2\/pages\/2","targetHints":{"allow":["GET"]}}],"collection":[{"href":"https:\/\/lepakko.fi\/lepakot\/index.php\/wp-json\/wp\/v2\/pages"}],"about":[{"href":"https:\/\/lepakko.fi\/lepakot\/index.php\/wp-json\/wp\/v2\/types\/page"}],"author":[{"embeddable":true,"href":"https:\/\/lepakko.fi\/lepakot\/index.php\/wp-json\/wp\/v2\/users\/1"}],"replies":[{"embeddable":true,"href":"https:\/\/lepakko.fi\/lepakot\/index.php\/wp-json\/wp\/v2\/comments?post=2"}],"version-history":[{"count":14,"href":"https:\/\/lepakko.fi\/lepakot\/index.php\/wp-json\/wp\/v2\/pages\/2\/revisions"}],"predecessor-version":[{"id":170,"href":"https:\/\/lepakko.fi\/lepakot\/index.php\/wp-json\/wp\/v2\/pages\/2\/revisions\/170"}],"wp:attachment":[{"href":"https:\/\/lepakko.fi\/lepakot\/index.php\/wp-json\/wp\/v2\/media?parent=2"}],"curies":[{"name":"wp","href":"https:\/\/api.w.org\/{rel}","templated":true}]}}